i be (2/4 - 2)*(g - -38). Suppose -c = y + i*y - 304, 4*y - 5*c = 280. What is the tens digit of y?
7
Suppose 11*o - 14*o = 6, o + 142 = 5*h. Suppose -10*a + h*a = 3312. What is the units digit of a?
4
Suppose 35 = 5*l + 2*s - 169, l + 4*s = 30. Let k be (1/(-8)*4)/(1/l). What is the tens digit of 1/((-497)/(-820) - k/(-35))?
6
Suppose 2*a = -20*s + 16*s + 90440, 0 = 2*s - a - 45216. What is the tens digit of s?
0
Let j(h) = h**3 - 12*h**2 + 11*h + 6. Let p be j(15). Suppose 642 = 3*q - 3*x, -4*x = -4*q - 2*x + p. What is the tens digit of q?
0
Suppose 14*z - 4*d = 11*z + 23, 5*d - 20 = 0. Suppose -3479 = z*h - 20*h. What is the hundreds digit of h?
4
Let h(s) = 23509*s + 6799. What is the ten thousands digit of h(3)?
7
Let c = 27033 - 15899. What is the hundreds digit of c?
1
Let z be -1 - (-6)/7 - 8134/686. Suppose j + 0*j - 2*y = 30, -4*j + 2*y + 120 = 0. What is the units digit of z/(-9)*(-5)/(j/(-27))?
6
Let l be -3*((-1130)/15)/(-2). Let v = -106 - l. Suppose -v*f + 112 + 392 = 0. What is the tens digit of f?
7
Let c(s) = 2*s**3 + 68*s**2 - 54*s + 187. What is the tens digit of c(-31)?
2
Suppose 0 = -0*d + 4*d - 3*k - 45, 0 = -5*d - 5*k + 65. Let u(i) = 6*i - 44*i**2 + 22*i**2 - 25*i + d + 21*i**2. What is the tens digit of u(-11)?
0
Suppose 8*h - 462 - 2962 = 0. Suppose 0 = 2*m - h - 148. What is the units digit of m?
8
Suppose -54*w + 94*w - 507800 = 0. What is the thousands digit of w?
2
Let z be (4/(-5))/((-54)/135). Suppose -z*n + 6*n - 274 = -5*a, -n + 1 = 0. What is the tens digit of a?
5
What is the ten thousands digit of 237/(((-24934)/(-3780))/13 - (-4)/(-8))?
3
Suppose 0 = -5*r - 4*a + 104652, -275*a + 83737 = 4*r - 274*a. What is the units digit of r?
6
Suppose 4*w - 289 + 17 = 4*t, w = -5*t - 328. Let n = t - -133. What is the tens digit of n?
6
Suppose -25*d - 36 = -21*d. What is the tens digit of 27*(-12)/(-9)*(-57)/d?
2
Suppose 2*j - 12 = -67*t + 71*t, 0 = -4*j + 3*t + 14. What is the units digit of (-1094)/(-6) + j/(-6)?
2
Suppose 4*s - 14 = 3*a, 3*a + 2*a = -s - 31. Let h be ((-867)/a)/(3/6). Let t = -120 + h. What is the tens digit of t?
6
Let q(n) be the second derivative of -5/2*n**2 + 0 + 2*n**3 + 1/12*n**4 - 20*n. What is the units digit of q(3)?
0
Suppose -q + 4*q + 43 = -4*t, -3*t = -5*q - 4. Let s(f) = -94*f + 27. What is the tens digit of s(t)?
8
Suppose 36 = 5*w - y - 76, w + 2*y - 18 = 0. Suppose 3275 = 5*t + 5*l, -2*l - 1975 = -25*t + w*t. What is the hundreds digit of t?
6
Let h = 26211 - 15159. What is the thousands digit of h?
1
Let d = 59929 + -26944. What is the units digit of d?
5
What is the thousands digit of 11301/((-34)/(-3) - 11) + -2?
3
Suppose 493*p - 99110 = 476*p. What is the hundreds digit of p?
8
Suppose -37*w + 35*w = 2252. Let b = w - -1581. What is the hundreds digit of b?
4
Suppose 132*v + 18 = 126*v. What is the tens digit of 1*(603 + v + -3)/1?
9
Let i(c) = 56*c**2 + 133*c - 1240. What is the tens digit of i(9)?
9
Suppose -149*y + 16540 = -147*y - 3*d, 2*y + 4*d = 16554. What is the units digit of y?
3
What is the tens digit of 62435/9 + -1 - (-178)/(-801)?
3
Suppose g = -5*v + 3118, 2*v - 1234 = -2*g + 6*g. Let i = 1602 - v. What is the hundreds digit of i?
9
Let k be (-15)/(-20)*(-32)/(-6). Suppose -2*b = 2*g - 6, -2 = b - 0*g - k*g. Suppose -2*u = 2*z - 414 + 22, b*u = 4*z - 796. What is the units digit of z?
8
Suppose 64006*g - 63996*g - 7610 = 0. What is the tens digit of g?
6
Suppose 8*w - 622 = -118. Let h be (-8)/18 + (-7280)/w. Let m = 61 - h. What is the tens digit of m?
7
Let h be (98/8)/((-3)/(-24)). Suppose -h*m + 93*m = -1310. Suppose -2*l - m = -3*o - 3*l, 2*l = -5*o + 438. What is the units digit of o?
6
Let j be (0 - (-108)/(-20))*-5 - 3. Let x = j + -3. Suppose -2*u - 299 = -3*i, -i + 75 = 3*u - x. What is the tens digit of i?
9
Let w(g) = 2259*g**2 - 88*g - 84. What is the tens digit of w(-1)?
6
Let k = 8 + -1. Let q = 8 - k. Suppose 3*h = q + 215. What is the units digit of h?
2
Suppose 5*h = -4*w + 52914, -4*w + 20408 = -h - 32542. What is the units digit of w?
6
Suppose -13*l + 19997 = -39374. What is the units digit of l?
7
Suppose 5*k + 2 = 6*k. Suppose 4*s - 261 = 2*s - 3*p, -3*s + 389 = k*p. Suppose 5*h - x - 166 = -0*x, -4*h = 3*x - s. What is the units digit of h?
3
Suppose -450 + 3730 = 5*u. Suppose -y = 2, -2*a - y - 204 = -u. What is the units digit of a?
7
Let g = 38 + -31. Suppose -6*q - g*q = 897. Let l = q - -70. What is the units digit of l?
1
Let g(x) = 881*x**2 + 126*x - 903. What is the hundreds digit of g(7)?
1
Let f(n) be the first derivative of -4*n**3/3 + 5*n**2/2 + 4*n + 41. Let d be f(2). Let i(u) = -83*u + 4. What is the hundreds digit of i(d)?
1
Let c(p) = 23*p - 160. Let w be c(12). Suppose -8*y + 9*y = -5*g + w, -4*g + 92 = y. What is the tens digit of g?
2
Let n(m) = 1054*m - 1339. What is the units digit of n(22)?
9
Let w(k) = 16 + 16*k**2 + 26*k + k**3 + 0 - 18. Suppose 0 = -f + 5*h + 1, 5*h + 10 = -5. What is the units digit of w(f)?
6
Suppose -1718883 + 7750068 = 185*n. What is the hundreds digit of n?
6
Suppose -l - 50 = -4*t, 0*l = -2*l - t - 55. What is the units digit of 470*(1 + 6/l)?
6
Let z(j) = -j**2 - 9*j - 34. Let c(m) = -m**2 - 10*m - 33. Let k(f) = 6*c(f) - 5*z(f). Let b be k(-12). What is the hundreds digit of 40/b + (108 - 2)?
1
Let d = 19763 + -12641. What is the tens digit of d?
2
Let p(n) = -29*n + 7. Suppose -g + 438 = -5*w, 4*w - 8*w - 342 = 2*g. Let i = -90 - w. What is the units digit of p(i)?
4
Suppose 4*h + 75378 = 2*l, 4*l - 68*h = -64*h + 150736. What is the thousands digit of l?
7
Suppose -2470076 = -56*d - 69*d - 141*d. What is the tens digit of d?
8
Suppose -2*c = 12*k - 10*k - 38, 60 = 3*c + 2*k. Suppose -24*s + c*s + j = -2527, -4*j = -20. What is the hundreds digit of s?
2
Suppose -3*o + z - 4394 + 197882 = 0, -5*z = -45. What is the hundreds digit of o?
4
Suppose -2*m = 2*l - 2570, m - 4266 = 5*l - 10709. Let d = l + -553. What is the tens digit of d?
3
Suppose 46 - 22 = -3*d. Let h(c) = -13*c + 156. What is the hundreds digit of h(d)?
2
Let n = 24028 + -19972. What is the hundreds digit of n?
0
Let h = 70650 + -42169. What is the tens digit of h?
8
Let t be 2/(30/573) + 1/(-5). Let q = 183 - t. What is the hundreds digit of q?
1
Suppose 7*r - 4*c - 3192 = 6*r, c + 1 = 0. What is the units digit of r?
8
Suppose -5*l - 2*f + 7108 - 2348 = 0, 3*l - 2842 = -4*f. Let d = l + -512. What is the hundreds digit of d?
4
Suppose 2*r - 2*s = 32, -3*r + 2*r + 20 = -3*s. Suppose h - 10 = -0*h. Suppose 8*a - h = r. What is the units digit of a?
3
Suppose -555*l + 65449 = 5*m - 557*l, -2*m = -4*l - 26170. What is the ten thousands digit of m?
1
Suppose 0 = 4*r + 3*t - 4*t - 1185, -5*t = -3*r + 893. What is the tens digit of r?
9
Suppose 2*m - 3*u - 83792 = 0, -205*u + 201*u = 16. What is the hundreds digit of m?
8
Suppose -363*j + 930 = -365*j. Let m = j + 921. What is the hundreds digit of m?
4
Let u(i) = 37*i**2 + 41*i - 409. What is the thousands digit of u(16)?
9
Suppose 0 + 12 = 4*x. Suppose 5*w = 15, 2*m - 7*w + 15 = -2*w. Suppose -4*u + 2*b + 308 = -m*b, u - 63 = -x*b. What is the tens digit of u?
7
Let n(j) = -403*j + 1437. What is the thousands digit of n(-11)?
5
Let r(f) = f**3 - 7*f**2 + 9*f - 13. Let b be r(6). Let h(s) = 10*s**3 + 5*s**2 - 5*s + 18. Let n be h(b). Suppose -6*g + n = 432. What is the tens digit of g?
5
Let t(w) = w**2 + 7*w - 5. Suppose 0 = -28*z + 29*z + 8. Let g be t(z). Suppose -3*m - y + 104 = 0, -3*m - 5*y + 100 = -g*y. What is the units digit of m?
6
Suppose 173*o - 50261 - 604198 = 0. What is the thousands digit of o?
3
What is the hundreds digit of ((-728)/(-24) - 7)*48930/49?
3
Let o(c) = c**2 - 9*c + 168. Let n = 38 - 38. What is the tens digit of o(n)?
6
Suppose -3*y + 99364 = -24*y + 532447. What is the ten thousands digit of y?
2
Let v = 259 + -90. Let p = v - 125. What is the tens digit of p?
4
Let b be (-4)/6*(-8 + 5). Suppose 6 = -5*q - b*h, h = -3*q - 0*h - 3. Suppose q = -14*r + 8*r + 12. What is the units digit of r?
2
Let q(a) = 11*a + 305. What is the tens digit of q(-23)?
5
Suppose -179*b + 439452 = -140*b. What is the units digit of b?
8
Suppose 65*p + 8*p = 5672100. What is the hundreds digit of p?
7
Let m be ((-189)/42)/(1 - 6/4). Let u(v) = v**2 - 9*v + 20.